{"id":64,"date":"2014-11-18T11:03:15","date_gmt":"2014-11-18T09:03:15","guid":{"rendered":"http:\/\/87.230.15.123\/farnung\/?page_id=64"},"modified":"2016-04-11T08:03:19","modified_gmt":"2016-04-11T06:03:19","slug":"trauringe","status":"publish","type":"page","link":"https:\/\/s0.farnung-schmuck.de\/?page_id=64","title":{"rendered":"Trauringe"},"content":{"rendered":"<p>Durch eine individuelle Beratung gestalten wir f\u00fcr Sie den Begleiter f\u00fcr Ihren gemeinsamen Lebensweg.<\/p>\n<p>Ihre pers\u00f6nlichen W\u00fcnsche, Vorstellungen und Gestaltungsm\u00f6glichkeiten werden von uns pr\u00e4zise ausgef\u00fchrt.<\/p>\n<p><!-- index.php -->\n<div\n\tclass=\"ngg-galleryoverview ngg-ajax-pagination-none\"\n\tid=\"ngg-gallery-169-1\">\n\n    \t\t<!-- Thumbnails -->\n\t\t\t\t<div id=\"ngg-image-0\" class=\"ngg-gallery-thumbnail-box\" >\n\t\t\t\t        <div class=\"ngg-gallery-thumbnail\">\n            <a href=\"https:\/\/s0.farnung-schmuck.de\/wp-content\/gallery\/trauringe\/Trauringe-5.jpg\"\n               title=\"\"\n               data-src=\"https:\/\/s0.farnung-schmuck.de\/wp-content\/gallery\/trauringe\/Trauringe-5.jpg\"\n               data-thumbnail=\"https:\/\/s0.farnung-schmuck.de\/wp-content\/gallery\/trauringe\/thumbs\/thumbs_Trauringe-5.jpg\"\n               data-image-id=\"220\"\n               data-title=\"Trauringe-5\"\n               data-description=\"\"\n               data-image-slug=\"trauringe-5\"\n               class=\"ngg-fancybox\" rel=\"169\">\n                <img\n                    title=\"Trauringe-5\"\n                    alt=\"Trauringe-5\"\n                    src=\"https:\/\/s0.farnung-schmuck.de\/wp-content\/gallery\/trauringe\/thumbs\/thumbs_Trauringe-5.jpg\"\n                    width=\"120\"\n                    height=\"90\"\n                    style=\"max-width:100%;\"\n                \/>\n            <\/a>\n        <\/div>\n\t\t\t\t\t\t\t<\/div> \n\t\t\t\n        \n\t\t\t\t<div id=\"ngg-image-1\" class=\"ngg-gallery-thumbnail-box\" >\n\t\t\t\t        <div class=\"ngg-gallery-thumbnail\">\n            <a href=\"https:\/\/s0.farnung-schmuck.de\/wp-content\/gallery\/trauringe\/Trauringe-6.jpg\"\n               title=\"\"\n               data-src=\"https:\/\/s0.farnung-schmuck.de\/wp-content\/gallery\/trauringe\/Trauringe-6.jpg\"\n               data-thumbnail=\"https:\/\/s0.farnung-schmuck.de\/wp-content\/gallery\/trauringe\/thumbs\/thumbs_Trauringe-6.jpg\"\n               data-image-id=\"221\"\n               data-title=\"Trauringe-6\"\n               data-description=\"\"\n               data-image-slug=\"trauringe-6\"\n               class=\"ngg-fancybox\" rel=\"169\">\n                <img\n                    title=\"Trauringe-6\"\n                    alt=\"Trauringe-6\"\n                    src=\"https:\/\/s0.farnung-schmuck.de\/wp-content\/gallery\/trauringe\/thumbs\/thumbs_Trauringe-6.jpg\"\n                    width=\"120\"\n                    height=\"90\"\n                    style=\"max-width:100%;\"\n                \/>\n            <\/a>\n        <\/div>\n\t\t\t\t\t\t\t<\/div> \n\t\t\t\n        \n\t\t\t\t<div id=\"ngg-image-2\" class=\"ngg-gallery-thumbnail-box\" >\n\t\t\t\t        <div class=\"ngg-gallery-thumbnail\">\n            <a href=\"https:\/\/s0.farnung-schmuck.de\/wp-content\/gallery\/trauringe\/Trauringe-7.jpg\"\n               title=\"\"\n               data-src=\"https:\/\/s0.farnung-schmuck.de\/wp-content\/gallery\/trauringe\/Trauringe-7.jpg\"\n               data-thumbnail=\"https:\/\/s0.farnung-schmuck.de\/wp-content\/gallery\/trauringe\/thumbs\/thumbs_Trauringe-7.jpg\"\n               data-image-id=\"222\"\n               data-title=\"Trauringe-7\"\n               data-description=\"\"\n               data-image-slug=\"trauringe-7\"\n               class=\"ngg-fancybox\" rel=\"169\">\n                <img\n                    title=\"Trauringe-7\"\n                    alt=\"Trauringe-7\"\n                    src=\"https:\/\/s0.farnung-schmuck.de\/wp-content\/gallery\/trauringe\/thumbs\/thumbs_Trauringe-7.jpg\"\n                    width=\"120\"\n                    height=\"90\"\n                    style=\"max-width:100%;\"\n                \/>\n            <\/a>\n        <\/div>\n\t\t\t\t\t\t\t<\/div> \n\t\t\t\n        \n\t\t\t\t<div id=\"ngg-image-3\" class=\"ngg-gallery-thumbnail-box\" >\n\t\t\t\t        <div class=\"ngg-gallery-thumbnail\">\n            <a href=\"https:\/\/s0.farnung-schmuck.de\/wp-content\/gallery\/trauringe\/Trauringe-8.jpg\"\n               title=\"\"\n               data-src=\"https:\/\/s0.farnung-schmuck.de\/wp-content\/gallery\/trauringe\/Trauringe-8.jpg\"\n               data-thumbnail=\"https:\/\/s0.farnung-schmuck.de\/wp-content\/gallery\/trauringe\/thumbs\/thumbs_Trauringe-8.jpg\"\n               data-image-id=\"223\"\n               data-title=\"Trauringe-8\"\n               data-description=\"\"\n               data-image-slug=\"trauringe-8\"\n               class=\"ngg-fancybox\" rel=\"169\">\n                <img\n                    title=\"Trauringe-8\"\n                    alt=\"Trauringe-8\"\n                    src=\"https:\/\/s0.farnung-schmuck.de\/wp-content\/gallery\/trauringe\/thumbs\/thumbs_Trauringe-8.jpg\"\n                    width=\"120\"\n                    height=\"90\"\n                    style=\"max-width:100%;\"\n                \/>\n            <\/a>\n        <\/div>\n\t\t\t\t\t\t\t<\/div> \n\t\t\t\n        \n\t\t\t\t<div id=\"ngg-image-4\" class=\"ngg-gallery-thumbnail-box\" >\n\t\t\t\t        <div class=\"ngg-gallery-thumbnail\">\n            <a href=\"https:\/\/s0.farnung-schmuck.de\/wp-content\/gallery\/trauringe\/Trauringe-9.jpg\"\n               title=\"\"\n               data-src=\"https:\/\/s0.farnung-schmuck.de\/wp-content\/gallery\/trauringe\/Trauringe-9.jpg\"\n               data-thumbnail=\"https:\/\/s0.farnung-schmuck.de\/wp-content\/gallery\/trauringe\/thumbs\/thumbs_Trauringe-9.jpg\"\n               data-image-id=\"224\"\n               data-title=\"Trauringe-9\"\n               data-description=\"\"\n               data-image-slug=\"trauringe-9\"\n               class=\"ngg-fancybox\" rel=\"169\">\n                <img\n                    title=\"Trauringe-9\"\n                    alt=\"Trauringe-9\"\n                    src=\"https:\/\/s0.farnung-schmuck.de\/wp-content\/gallery\/trauringe\/thumbs\/thumbs_Trauringe-9.jpg\"\n                    width=\"120\"\n                    height=\"90\"\n                    style=\"max-width:100%;\"\n                \/>\n            <\/a>\n        <\/div>\n\t\t\t\t\t\t\t<\/div> \n\t\t\t\n        \n\t\t\t\t<div id=\"ngg-image-5\" class=\"ngg-gallery-thumbnail-box\" >\n\t\t\t\t        <div class=\"ngg-gallery-thumbnail\">\n            <a href=\"https:\/\/s0.farnung-schmuck.de\/wp-content\/gallery\/trauringe\/dreieckebunt.jpg\"\n               title=\"\"\n               data-src=\"https:\/\/s0.farnung-schmuck.de\/wp-content\/gallery\/trauringe\/dreieckebunt.jpg\"\n               data-thumbnail=\"https:\/\/s0.farnung-schmuck.de\/wp-content\/gallery\/trauringe\/thumbs\/thumbs_dreieckebunt.jpg\"\n               data-image-id=\"225\"\n               data-title=\"dreieckebunt\"\n               data-description=\"\"\n               data-image-slug=\"dreieckebunt\"\n               class=\"ngg-fancybox\" rel=\"169\">\n                <img\n                    title=\"dreieckebunt\"\n                    alt=\"dreieckebunt\"\n                    src=\"https:\/\/s0.farnung-schmuck.de\/wp-content\/gallery\/trauringe\/thumbs\/thumbs_dreieckebunt.jpg\"\n                    width=\"120\"\n                    height=\"90\"\n                    style=\"max-width:100%;\"\n                \/>\n            <\/a>\n        <\/div>\n\t\t\t\t\t\t\t<\/div> \n\t\t\t\n        \n\t\t\t\t<div id=\"ngg-image-6\" class=\"ngg-gallery-thumbnail-box\" >\n\t\t\t\t        <div class=\"ngg-gallery-thumbnail\">\n            <a href=\"https:\/\/s0.farnung-schmuck.de\/wp-content\/gallery\/trauringe\/DSC_3055.jpg\"\n               title=\"\"\n               data-src=\"https:\/\/s0.farnung-schmuck.de\/wp-content\/gallery\/trauringe\/DSC_3055.jpg\"\n               data-thumbnail=\"https:\/\/s0.farnung-schmuck.de\/wp-content\/gallery\/trauringe\/thumbs\/thumbs_DSC_3055.jpg\"\n               data-image-id=\"226\"\n               data-title=\"DSC_3055\"\n               data-description=\"\"\n               data-image-slug=\"dsc_3055\"\n               class=\"ngg-fancybox\" rel=\"169\">\n                <img\n                    title=\"DSC_3055\"\n                    alt=\"DSC_3055\"\n                    src=\"https:\/\/s0.farnung-schmuck.de\/wp-content\/gallery\/trauringe\/thumbs\/thumbs_DSC_3055.jpg\"\n                    width=\"120\"\n                    height=\"90\"\n                    style=\"max-width:100%;\"\n                \/>\n            <\/a>\n        <\/div>\n\t\t\t\t\t\t\t<\/div> \n\t\t\t\n        \n\t\t\t\t<div id=\"ngg-image-7\" class=\"ngg-gallery-thumbnail-box\" >\n\t\t\t\t        <div class=\"ngg-gallery-thumbnail\">\n            <a href=\"https:\/\/s0.farnung-schmuck.de\/wp-content\/gallery\/trauringe\/DSC_3464.jpg\"\n               title=\"\"\n               data-src=\"https:\/\/s0.farnung-schmuck.de\/wp-content\/gallery\/trauringe\/DSC_3464.jpg\"\n               data-thumbnail=\"https:\/\/s0.farnung-schmuck.de\/wp-content\/gallery\/trauringe\/thumbs\/thumbs_DSC_3464.jpg\"\n               data-image-id=\"227\"\n               data-title=\"DSC_3464\"\n               data-description=\"\"\n               data-image-slug=\"dsc_3464\"\n               class=\"ngg-fancybox\" rel=\"169\">\n                <img\n                    title=\"DSC_3464\"\n                    alt=\"DSC_3464\"\n                    src=\"https:\/\/s0.farnung-schmuck.de\/wp-content\/gallery\/trauringe\/thumbs\/thumbs_DSC_3464.jpg\"\n                    width=\"120\"\n                    height=\"90\"\n                    style=\"max-width:100%;\"\n                \/>\n            <\/a>\n        <\/div>\n\t\t\t\t\t\t\t<\/div> \n\t\t\t\n        \n\t\t\t\t<div id=\"ngg-image-8\" class=\"ngg-gallery-thumbnail-box\" >\n\t\t\t\t        <div class=\"ngg-gallery-thumbnail\">\n            <a href=\"https:\/\/s0.farnung-schmuck.de\/wp-content\/gallery\/trauringe\/DSC_3467.jpg\"\n               title=\"\"\n               data-src=\"https:\/\/s0.farnung-schmuck.de\/wp-content\/gallery\/trauringe\/DSC_3467.jpg\"\n               data-thumbnail=\"https:\/\/s0.farnung-schmuck.de\/wp-content\/gallery\/trauringe\/thumbs\/thumbs_DSC_3467.jpg\"\n               data-image-id=\"228\"\n               data-title=\"DSC_3467\"\n               data-description=\"\"\n               data-image-slug=\"dsc_3467\"\n               class=\"ngg-fancybox\" rel=\"169\">\n                <img\n                    title=\"DSC_3467\"\n                    alt=\"DSC_3467\"\n                    src=\"https:\/\/s0.farnung-schmuck.de\/wp-content\/gallery\/trauringe\/thumbs\/thumbs_DSC_3467.jpg\"\n                    width=\"120\"\n                    height=\"90\"\n                    style=\"max-width:100%;\"\n                \/>\n            <\/a>\n        <\/div>\n\t\t\t\t\t\t\t<\/div> \n\t\t\t\n        \n\t\t\t\t<div id=\"ngg-image-9\" class=\"ngg-gallery-thumbnail-box\" >\n\t\t\t\t        <div class=\"ngg-gallery-thumbnail\">\n            <a href=\"https:\/\/s0.farnung-schmuck.de\/wp-content\/gallery\/trauringe\/DSC_3627.jpg\"\n               title=\"\"\n               data-src=\"https:\/\/s0.farnung-schmuck.de\/wp-content\/gallery\/trauringe\/DSC_3627.jpg\"\n               data-thumbnail=\"https:\/\/s0.farnung-schmuck.de\/wp-content\/gallery\/trauringe\/thumbs\/thumbs_DSC_3627.jpg\"\n               data-image-id=\"229\"\n               data-title=\"DSC_3627\"\n               data-description=\"\"\n               data-image-slug=\"dsc_3627\"\n               class=\"ngg-fancybox\" rel=\"169\">\n                <img\n                    title=\"DSC_3627\"\n                    alt=\"DSC_3627\"\n                    src=\"https:\/\/s0.farnung-schmuck.de\/wp-content\/gallery\/trauringe\/thumbs\/thumbs_DSC_3627.jpg\"\n                    width=\"120\"\n                    height=\"90\"\n                    style=\"max-width:100%;\"\n                \/>\n            <\/a>\n        <\/div>\n\t\t\t\t\t\t\t<\/div> \n\t\t\t\n        \n\t\t\t\t<div id=\"ngg-image-10\" class=\"ngg-gallery-thumbnail-box\" >\n\t\t\t\t        <div class=\"ngg-gallery-thumbnail\">\n            <a href=\"https:\/\/s0.farnung-schmuck.de\/wp-content\/gallery\/trauringe\/IMG_20190716_190534.jpg\"\n               title=\"\"\n               data-src=\"https:\/\/s0.farnung-schmuck.de\/wp-content\/gallery\/trauringe\/IMG_20190716_190534.jpg\"\n               data-thumbnail=\"https:\/\/s0.farnung-schmuck.de\/wp-content\/gallery\/trauringe\/thumbs\/thumbs_IMG_20190716_190534.jpg\"\n               data-image-id=\"230\"\n               data-title=\"IMG_20190716_190534\"\n               data-description=\"\"\n               data-image-slug=\"img_20190716_190534\"\n               class=\"ngg-fancybox\" rel=\"169\">\n                <img\n                    title=\"IMG_20190716_190534\"\n                    alt=\"IMG_20190716_190534\"\n                    src=\"https:\/\/s0.farnung-schmuck.de\/wp-content\/gallery\/trauringe\/thumbs\/thumbs_IMG_20190716_190534.jpg\"\n                    width=\"120\"\n                    height=\"90\"\n                    style=\"max-width:100%;\"\n                \/>\n            <\/a>\n        <\/div>\n\t\t\t\t\t\t\t<\/div> \n\t\t\t\n        \n\t\t\t\t<div id=\"ngg-image-11\" class=\"ngg-gallery-thumbnail-box\" >\n\t\t\t\t        <div class=\"ngg-gallery-thumbnail\">\n            <a href=\"https:\/\/s0.farnung-schmuck.de\/wp-content\/gallery\/trauringe\/Trauringe-1.jpg\"\n               title=\"\"\n               data-src=\"https:\/\/s0.farnung-schmuck.de\/wp-content\/gallery\/trauringe\/Trauringe-1.jpg\"\n               data-thumbnail=\"https:\/\/s0.farnung-schmuck.de\/wp-content\/gallery\/trauringe\/thumbs\/thumbs_Trauringe-1.jpg\"\n               data-image-id=\"231\"\n               data-title=\"Trauringe-1\"\n               data-description=\"\"\n               data-image-slug=\"trauringe-1\"\n               class=\"ngg-fancybox\" rel=\"169\">\n                <img\n                    title=\"Trauringe-1\"\n                    alt=\"Trauringe-1\"\n                    src=\"https:\/\/s0.farnung-schmuck.de\/wp-content\/gallery\/trauringe\/thumbs\/thumbs_Trauringe-1.jpg\"\n                    width=\"120\"\n                    height=\"90\"\n                    style=\"max-width:100%;\"\n                \/>\n            <\/a>\n        <\/div>\n\t\t\t\t\t\t\t<\/div> \n\t\t\t\n        \n\t\t\t\t<div id=\"ngg-image-12\" class=\"ngg-gallery-thumbnail-box\" >\n\t\t\t\t        <div class=\"ngg-gallery-thumbnail\">\n            <a href=\"https:\/\/s0.farnung-schmuck.de\/wp-content\/gallery\/trauringe\/Trauringe-2.jpg\"\n               title=\"\"\n               data-src=\"https:\/\/s0.farnung-schmuck.de\/wp-content\/gallery\/trauringe\/Trauringe-2.jpg\"\n               data-thumbnail=\"https:\/\/s0.farnung-schmuck.de\/wp-content\/gallery\/trauringe\/thumbs\/thumbs_Trauringe-2.jpg\"\n               data-image-id=\"232\"\n               data-title=\"Trauringe-2\"\n               data-description=\"\"\n               data-image-slug=\"trauringe-2\"\n               class=\"ngg-fancybox\" rel=\"169\">\n                <img\n                    title=\"Trauringe-2\"\n                    alt=\"Trauringe-2\"\n                    src=\"https:\/\/s0.farnung-schmuck.de\/wp-content\/gallery\/trauringe\/thumbs\/thumbs_Trauringe-2.jpg\"\n                    width=\"120\"\n                    height=\"90\"\n                    style=\"max-width:100%;\"\n                \/>\n            <\/a>\n        <\/div>\n\t\t\t\t\t\t\t<\/div> \n\t\t\t\n        \n\t\t\t\t<div id=\"ngg-image-13\" class=\"ngg-gallery-thumbnail-box\" >\n\t\t\t\t        <div class=\"ngg-gallery-thumbnail\">\n            <a href=\"https:\/\/s0.farnung-schmuck.de\/wp-content\/gallery\/trauringe\/Trauringe-3.jpg\"\n               title=\"\"\n               data-src=\"https:\/\/s0.farnung-schmuck.de\/wp-content\/gallery\/trauringe\/Trauringe-3.jpg\"\n               data-thumbnail=\"https:\/\/s0.farnung-schmuck.de\/wp-content\/gallery\/trauringe\/thumbs\/thumbs_Trauringe-3.jpg\"\n               data-image-id=\"233\"\n               data-title=\"Trauringe-3\"\n               data-description=\"\"\n               data-image-slug=\"trauringe-3\"\n               class=\"ngg-fancybox\" rel=\"169\">\n                <img\n                    title=\"Trauringe-3\"\n                    alt=\"Trauringe-3\"\n                    src=\"https:\/\/s0.farnung-schmuck.de\/wp-content\/gallery\/trauringe\/thumbs\/thumbs_Trauringe-3.jpg\"\n                    width=\"120\"\n                    height=\"90\"\n                    style=\"max-width:100%;\"\n                \/>\n            <\/a>\n        <\/div>\n\t\t\t\t\t\t\t<\/div> \n\t\t\t\n        \n\t\t\t\t<div id=\"ngg-image-14\" class=\"ngg-gallery-thumbnail-box\" >\n\t\t\t\t        <div class=\"ngg-gallery-thumbnail\">\n            <a href=\"https:\/\/s0.farnung-schmuck.de\/wp-content\/gallery\/trauringe\/Trauringe-4.jpg\"\n               title=\"\"\n               data-src=\"https:\/\/s0.farnung-schmuck.de\/wp-content\/gallery\/trauringe\/Trauringe-4.jpg\"\n               data-thumbnail=\"https:\/\/s0.farnung-schmuck.de\/wp-content\/gallery\/trauringe\/thumbs\/thumbs_Trauringe-4.jpg\"\n               data-image-id=\"234\"\n               data-title=\"Trauringe-4\"\n               data-description=\"\"\n               data-image-slug=\"trauringe-4\"\n               class=\"ngg-fancybox\" rel=\"169\">\n                <img\n                    title=\"Trauringe-4\"\n                    alt=\"Trauringe-4\"\n                    src=\"https:\/\/s0.farnung-schmuck.de\/wp-content\/gallery\/trauringe\/thumbs\/thumbs_Trauringe-4.jpg\"\n                    width=\"120\"\n                    height=\"90\"\n                    style=\"max-width:100%;\"\n                \/>\n            <\/a>\n        <\/div>\n\t\t\t\t\t\t\t<\/div> \n\t\t\t\n        \n\t\t\t\t<div id=\"ngg-image-15\" class=\"ngg-gallery-thumbnail-box\" >\n\t\t\t\t        <div class=\"ngg-gallery-thumbnail\">\n            <a href=\"https:\/\/s0.farnung-schmuck.de\/wp-content\/gallery\/trauringe\/Trauringe-10.jpg\"\n               title=\"\"\n               data-src=\"https:\/\/s0.farnung-schmuck.de\/wp-content\/gallery\/trauringe\/Trauringe-10.jpg\"\n               data-thumbnail=\"https:\/\/s0.farnung-schmuck.de\/wp-content\/gallery\/trauringe\/thumbs\/thumbs_Trauringe-10.jpg\"\n               data-image-id=\"235\"\n               data-title=\"Trauringe-10\"\n               data-description=\"\"\n               data-image-slug=\"trauringe-10\"\n               class=\"ngg-fancybox\" rel=\"169\">\n                <img\n                    title=\"Trauringe-10\"\n                    alt=\"Trauringe-10\"\n                    src=\"https:\/\/s0.farnung-schmuck.de\/wp-content\/gallery\/trauringe\/thumbs\/thumbs_Trauringe-10.jpg\"\n                    width=\"120\"\n                    height=\"90\"\n                    style=\"max-width:100%;\"\n                \/>\n            <\/a>\n        <\/div>\n\t\t\t\t\t\t\t<\/div> \n\t\t\t\n        \n\t\t\t\t<div id=\"ngg-image-16\" class=\"ngg-gallery-thumbnail-box\" >\n\t\t\t\t        <div class=\"ngg-gallery-thumbnail\">\n            <a href=\"https:\/\/s0.farnung-schmuck.de\/wp-content\/gallery\/trauringe\/IMG_20220909_083925.jpeg\"\n               title=\"\"\n               data-src=\"https:\/\/s0.farnung-schmuck.de\/wp-content\/gallery\/trauringe\/IMG_20220909_083925.jpeg\"\n               data-thumbnail=\"https:\/\/s0.farnung-schmuck.de\/wp-content\/gallery\/trauringe\/thumbs\/thumbs_IMG_20220909_083925.jpeg\"\n               data-image-id=\"265\"\n               data-title=\"IMG_20220909_083925\"\n               data-description=\"\"\n               data-image-slug=\"img_20220909_083925\"\n               class=\"ngg-fancybox\" rel=\"169\">\n                <img\n                    title=\"IMG_20220909_083925\"\n                    alt=\"IMG_20220909_083925\"\n                    src=\"https:\/\/s0.farnung-schmuck.de\/wp-content\/gallery\/trauringe\/thumbs\/thumbs_IMG_20220909_083925.jpeg\"\n                    width=\"120\"\n                    height=\"90\"\n                    style=\"max-width:100%;\"\n                \/>\n            <\/a>\n        <\/div>\n\t\t\t\t\t\t\t<\/div> \n\t\t\t\n        \n\t\t\t\t<div id=\"ngg-image-17\" class=\"ngg-gallery-thumbnail-box\" >\n\t\t\t\t        <div class=\"ngg-gallery-thumbnail\">\n            <a href=\"https:\/\/s0.farnung-schmuck.de\/wp-content\/gallery\/trauringe\/IMG_20220426_092949.jpeg\"\n               title=\"\"\n               data-src=\"https:\/\/s0.farnung-schmuck.de\/wp-content\/gallery\/trauringe\/IMG_20220426_092949.jpeg\"\n               data-thumbnail=\"https:\/\/s0.farnung-schmuck.de\/wp-content\/gallery\/trauringe\/thumbs\/thumbs_IMG_20220426_092949.jpeg\"\n               data-image-id=\"267\"\n               data-title=\"IMG_20220426_092949\"\n               data-description=\"\"\n               data-image-slug=\"img_20220426_092949\"\n               class=\"ngg-fancybox\" rel=\"169\">\n                <img\n                    title=\"IMG_20220426_092949\"\n                    alt=\"IMG_20220426_092949\"\n                    src=\"https:\/\/s0.farnung-schmuck.de\/wp-content\/gallery\/trauringe\/thumbs\/thumbs_IMG_20220426_092949.jpeg\"\n                    width=\"120\"\n                    height=\"90\"\n                    style=\"max-width:100%;\"\n                \/>\n            <\/a>\n        <\/div>\n\t\t\t\t\t\t\t<\/div> \n\t\t\t\n        \n\t\t\t\t<div id=\"ngg-image-18\" class=\"ngg-gallery-thumbnail-box\" >\n\t\t\t\t        <div class=\"ngg-gallery-thumbnail\">\n            <a href=\"https:\/\/s0.farnung-schmuck.de\/wp-content\/gallery\/trauringe\/IMG_20220506_151831.jpeg\"\n               title=\"\"\n               data-src=\"https:\/\/s0.farnung-schmuck.de\/wp-content\/gallery\/trauringe\/IMG_20220506_151831.jpeg\"\n               data-thumbnail=\"https:\/\/s0.farnung-schmuck.de\/wp-content\/gallery\/trauringe\/thumbs\/thumbs_IMG_20220506_151831.jpeg\"\n               data-image-id=\"272\"\n               data-title=\"IMG_20220506_151831\"\n               data-description=\"\"\n               data-image-slug=\"img_20220506_151831\"\n               class=\"ngg-fancybox\" rel=\"169\">\n                <img\n                    title=\"IMG_20220506_151831\"\n                    alt=\"IMG_20220506_151831\"\n                    src=\"https:\/\/s0.farnung-schmuck.de\/wp-content\/gallery\/trauringe\/thumbs\/thumbs_IMG_20220506_151831.jpeg\"\n                    width=\"120\"\n                    height=\"90\"\n                    style=\"max-width:100%;\"\n                \/>\n            <\/a>\n        <\/div>\n\t\t\t\t\t\t\t<\/div> \n\t\t\t\n        \n\t\t\t\t<div id=\"ngg-image-19\" class=\"ngg-gallery-thumbnail-box\" >\n\t\t\t\t        <div class=\"ngg-gallery-thumbnail\">\n            <a href=\"https:\/\/s0.farnung-schmuck.de\/wp-content\/gallery\/trauringe\/IMG_20201006_150220.jpeg\"\n               title=\"\"\n               data-src=\"https:\/\/s0.farnung-schmuck.de\/wp-content\/gallery\/trauringe\/IMG_20201006_150220.jpeg\"\n               data-thumbnail=\"https:\/\/s0.farnung-schmuck.de\/wp-content\/gallery\/trauringe\/thumbs\/thumbs_IMG_20201006_150220.jpeg\"\n               data-image-id=\"274\"\n               data-title=\"IMG_20201006_150220\"\n               data-description=\"\"\n               data-image-slug=\"img_20201006_150220\"\n               class=\"ngg-fancybox\" rel=\"169\">\n                <img\n                    title=\"IMG_20201006_150220\"\n                    alt=\"IMG_20201006_150220\"\n                    src=\"https:\/\/s0.farnung-schmuck.de\/wp-content\/gallery\/trauringe\/thumbs\/thumbs_IMG_20201006_150220.jpeg\"\n                    width=\"120\"\n                    height=\"90\"\n                    style=\"max-width:100%;\"\n                \/>\n            <\/a>\n        <\/div>\n\t\t\t\t\t\t\t<\/div> \n\t\t\t\n        \n\t\t\n\t\t<!-- Pagination -->\n\t<div class='ngg-clear'><\/div>\t<\/div>\n<\/p>\n","protected":false},"excerpt":{"rendered":"<p>Durch eine individuelle Beratung gestalten wir f\u00fcr Sie den Begleiter f\u00fcr Ihren gemeinsamen Lebensweg. Ihre pers\u00f6nlichen W\u00fcnsche, Vorstellungen und Gestaltungsm\u00f6glichkeiten werden von uns pr\u00e4zise ausgef\u00fchrt.<\/p>\n","protected":false},"author":1,"featured_media":283,"parent":0,"menu_order":0,"comment_status":"closed","ping_status":"open","template":"","meta":{"ngg_post_thumbnail":0},"_links":{"self":[{"href":"https:\/\/s0.farnung-schmuck.de\/index.php?rest_route=\/wp\/v2\/pages\/64"}],"collection":[{"href":"https:\/\/s0.farnung-schmuck.de\/index.php?rest_route=\/wp\/v2\/pages"}],"about":[{"href":"https:\/\/s0.farnung-schmuck.de\/index.php?rest_route=\/wp\/v2\/types\/page"}],"author":[{"embeddable":true,"href":"https:\/\/s0.farnung-schmuck.de\/index.php?rest_route=\/wp\/v2\/users\/1"}],"replies":[{"embeddable":true,"href":"https:\/\/s0.farnung-schmuck.de\/index.php?rest_route=%2Fwp%2Fv2%2Fcomments&post=64"}],"version-history":[{"count":4,"href":"https:\/\/s0.farnung-schmuck.de\/index.php?rest_route=\/wp\/v2\/pages\/64\/revisions"}],"predecessor-version":[{"id":305,"href":"https:\/\/s0.farnung-schmuck.de\/index.php?rest_route=\/wp\/v2\/pages\/64\/revisions\/305"}],"wp:featuredmedia":[{"embeddable":true,"href":"https:\/\/s0.farnung-schmuck.de\/index.php?rest_route=\/wp\/v2\/media\/283"}],"wp:attachment":[{"href":"https:\/\/s0.farnung-schmuck.de\/index.php?rest_route=%2Fwp%2Fv2%2Fmedia&parent=64"}],"curies":[{"name":"wp","href":"https:\/\/api.w.org\/{rel}","templated":true}]}}