{"id":22,"date":"2014-11-18T09:49:40","date_gmt":"2014-11-18T07:49:40","guid":{"rendered":"http:\/\/87.230.15.123\/farnung\/?page_id=22"},"modified":"2019-05-04T11:00:38","modified_gmt":"2019-05-04T09:00:38","slug":"ueber-uns","status":"publish","type":"page","link":"https:\/\/s0.farnung-schmuck.de\/?page_id=22","title":{"rendered":"\u00dcber mich"},"content":{"rendered":"<h3>Vita &amp; Ausstellungen<\/h3>\n<p>Von der Beratung \u00fcber den Entwurf bis hin zur Auswahl der Materialien und der&nbsp;Herstellung begleite und gestalte ich einen kreativen Prozess im Dialog mit den Kunden, der \u00e4sthetische Gestaltung des Werkst\u00fccks nach individuellen Vorstellungen und die Freude meiner Kundschaft daran als&nbsp;Ziel hat.<br \/>\nSchmuck ist als Modeaccessoire auch modischen Trends und stetigem Wandel unterworfen. Daneben zeugen klassisch gestaltete Schmuckst\u00fccke von zeitloser Eleganz und Geschmack.<\/p>\n<p>In pers\u00f6nlicher Beratung finde&nbsp;ich gemeinsam mit meinem Kunden die Schmuckidee nach den pers\u00f6nlichen W\u00fcnschen und dem Stil des Kunden umzusetzen in Balance zwischen Trends und Klassik.<\/p>\n<p><strong>Meine Vita und Ausstellungen im \u00dcberblick:<br \/>\n<\/strong><strong>1978-1981<\/strong><br \/>\nAusbildung zur Goldschmiedin bei der Firma Schultheis in Fulda<br \/>\n<strong>1984-1986<\/strong><br \/>\nMeisterschule und Gestalterausbildung&nbsp;an der Zeichenakademie Hanau<br \/>\n<strong>1986<\/strong><br \/>\nMeisterpr\u00fcfung im Goldschmiedehandwerk und Abschlu\u00df als staatlich gepr\u00fcfte Gestalterin.<strong><br \/>\n1999\/2000<\/strong><br \/>\nAusstellungen im Schlo\u00df Adolphseck bei Fulda mit K\u00fcnstlerInnen&nbsp;der Region<br \/>\n<strong>2001<\/strong><br \/>\nMitglied im Bundesverband Kunsthandwerk und Anerkennung des K\u00fcnstlerinnenstatus<strong><br \/>\n2002<\/strong><br \/>\nAusstellung im Handwerksforum in Kassel anl\u00e4\u00dflich der Vergabe des Hessischen Gestaltungspreises<strong><br \/>\n2003<\/strong><br \/>\nAusstellung mit der Gruppe &#8222;<em>FuldArt<\/em>&#8220; im Forum des Finanzmarktes Fulda<br \/>\n<strong>2004 &#8211; 2014<\/strong><br \/>\nAusstellungen mit der Gruppe &#8222;<em>FuldArt<\/em>&#8220; im Rahmen des f\u00fcrstlichen Gartenfestes in Schlo\u00df Adolphseck<strong><br \/>\n2006<\/strong><br \/>\nAusstellung mit den &#8222;<em>fr\u00e4nkischen Goldschmieden<\/em>&#8220; auf der Hallburg bei Volkach<br \/>\n<strong>2007<\/strong><br \/>\nAusstellung auf der &#8222;<em>Landpartie<\/em>&#8220; in B\u00fcdingen<br \/>\nAusstellungen mit der Gruppe &#8222;<em>FuldArt<\/em>&#8220; im Rahmen des f\u00fcrstlichen Gartenfestes&nbsp;in Schlo\u00df Adolphseck<br \/>\n<strong>2008<\/strong><br \/>\nAusstellung auf der &#8222;<em>Landpartie<\/em>&#8220; in B\u00fcdingen und in der alten Kelterei Arnshain.<br \/>\nAusstellung &#8222;<em>Flower Power<\/em>&#8220; mit dem Bundesverband Kunsthandwerk in Mainz.<br \/>\n<strong>2004 &#8211; 2014<\/strong><br \/>\nAusstellungen mit der Gruppe &#8222;<em>FuldArt<\/em>&#8220; im Rahmen des f\u00fcrstlichen Gartenfestes&nbsp;in Schlo\u00df Adolphseck<\/p>\n<p>&nbsp;<\/p>\n","protected":false},"excerpt":{"rendered":"<p>Vita &amp; Ausstellungen Von der Beratung \u00fcber den Entwurf bis hin zur Auswahl der Materialien und der&nbsp;Herstellung begleite und gestalte ich einen kreativen Prozess im Dialog mit den Kunden, der \u00e4sthetische Gestaltung des Werkst\u00fccks nach individuellen Vorstellungen und die Freude meiner Kundschaft daran als&nbsp;Ziel hat. Schmuck ist als Modeaccessoire auch modischen Trends und stetigem Wandel &hellip; <a href=\"https:\/\/s0.farnung-schmuck.de\/?page_id=22\" class=\"more-link\"><span class=\"screen-reader-text\">\u00dcber mich<\/span> weiterlesen <span class=\"meta-nav\">&rarr;<\/span><\/a><\/p>\n","protected":false},"author":1,"featured_media":339,"parent":0,"menu_order":0,"comment_status":"closed","ping_status":"closed","template":"","meta":{"ngg_post_thumbnail":0},"_links":{"self":[{"href":"https:\/\/s0.farnung-schmuck.de\/index.php?rest_route=\/wp\/v2\/pages\/22"}],"collection":[{"href":"https:\/\/s0.farnung-schmuck.de\/index.php?rest_route=\/wp\/v2\/pages"}],"about":[{"href":"https:\/\/s0.farnung-schmuck.de\/index.php?rest_route=\/wp\/v2\/types\/page"}],"author":[{"embeddable":true,"href":"https:\/\/s0.farnung-schmuck.de\/index.php?rest_route=\/wp\/v2\/users\/1"}],"replies":[{"embeddable":true,"href":"https:\/\/s0.farnung-schmuck.de\/index.php?rest_route=%2Fwp%2Fv2%2Fcomments&post=22"}],"version-history":[{"count":10,"href":"https:\/\/s0.farnung-schmuck.de\/index.php?rest_route=\/wp\/v2\/pages\/22\/revisions"}],"predecessor-version":[{"id":380,"href":"https:\/\/s0.farnung-schmuck.de\/index.php?rest_route=\/wp\/v2\/pages\/22\/revisions\/380"}],"wp:featuredmedia":[{"embeddable":true,"href":"https:\/\/s0.farnung-schmuck.de\/index.php?rest_route=\/wp\/v2\/media\/339"}],"wp:attachment":[{"href":"https:\/\/s0.farnung-schmuck.de\/index.php?rest_route=%2Fwp%2Fv2%2Fmedia&parent=22"}],"curies":[{"name":"wp","href":"https:\/\/api.w.org\/{rel}","templated":true}]}}